digit of 9547683?
4
What is the thousands digit of 3940910?
0
What is the ten thousands digit of 1313440?
1
What is the units digit of 901702?
2
What is the hundreds digit of 3336386?
3
What is the ten thousands digit of 26750?
2
What is the ten thousands digit of 924402?
2
What is the tens digit of 189982?
8
What is the hundred thousands digit of 2510312?
5
What is the hundreds digit of 794117?
1
What is the ten thousands digit of 889948?
8
What is the hundreds digit of 369177?
1
What is the tens digit of 749?
4
What is the hundreds digit of 600750?
7
What is the ten thousands digit of 207020?
0
What is the thousands digit of 666509?
6
What is the ten thousands digit of 609020?
0
What is the units digit of 1177803?
3
What is the thousands digit of 237619?
7
What is the hundreds digit of 304292?
2
What is the tens digit of 102029?
2
What is the units digit of 6174244?
4
What is the thousands digit of 8345947?
5
What is the units digit of 687535?
5
What is the hundred thousands digit of 2383993?
3
What is the tens digit of 1412270?
7
What is the ten thousands digit of 10097547?
9
What is the ten thousands digit of 5336640?
3
What is the tens digit of 927843?
4
What is the hundred thousands digit of 397012?
3
What is the units digit of 326792?
2
What is the thousands digit of 14456087?
6
What is the hundred thousands digit of 407522?
4
What is the thousands digit of 4439995?
9
What is the units digit of 857589?
9
What is the units digit of 5606139?
9
What is the units digit of 170589?
9
What is the hundred thousands digit of 401541?
4
What is the hundred thousands digit of 850198?
8
What is the tens digit of 9572?
7
What is the hundred thousands digit of 35236415?
2
What is the ten thousands digit of 641683?
4
What is the units digit of 207359?
9
What is the units digit of 231287?
7
What is the tens digit of 215544?
4
What is the millions digit of 26149870?
6
What is the ten thousands digit of 175703?
7
What is the thousands digit of 19139?
9
What is the tens digit of 218355?
5
What is the ten millions digit of 11417140?
1
What is the thousands digit of 604731?
4
What is the ten thousands digit of 2338460?
3
What is the hundreds digit of 152350?
3
What is the tens digit of 1861?
6
What is the ten thousands digit of 509178?
0
What is the hundreds digit of 895126?
1
What is the hundreds digit of 1260426?
4
What is the hundreds digit of 559689?
6
What is the units digit of 1609794?
4
What is the thousands digit of 21592322?
2
What is the units digit of 62482?
2
What is the tens digit of 3922638?
3
What is the millions digit of 3801112?
3
What is the hundred thousands digit of 986679?
9
What is the hundreds digit of 57712?
7
What is the hundred thousands digit of 354795?
3
What is the millions digit of 1137462?
1
What is the hundreds digit of 729977?
9
What is the hundreds digit of 870203?
2
What is the tens digit of 586899?
9
What is the thousands digit of 1175474?
5
What is the thousands digit of 507219?
7
What is the tens digit of 150994?
9
What is the thousands digit of 660936?
0
What is the thousands digit of 3433592?
3
What is the hundreds digit of 218803?
8
What is the millions digit of 4588730?
4
What is the hundred thousands digit of 5591075?
5
What is the tens digit of 4636831?
3
What is the ten thousands digit of 2810224?
1
What is the units digit of 2260703?
3
What is the units digit of 344438?
8
What is the thousands digit of 2976461?
6
What is the ten thousands digit of 212001?
1
What is the tens digit of 2313159?
5
What is the hundreds digit of 5176?
1
What is the thousands digit of 358127?
8
What is the hundreds digit of 17589139?
1
What is the millions digit of 1293326?
1
What is the millions digit of 12513020?
2
What is the ten thousands digit of 226832?
2
What is the thousands digit of 7522?
7
What is the tens digit of 328489?
8
What is the units digit of 3874978?
8
What is the ten thousands digit of 178916?
7
What is the millions digit of 1014732?
1
What is the hundred thousands digit of 225608?
2
What is the tens digit of 15029903?
0
What is the ten thousands digit of 629337?
2
What is the hundred thousands digit of 10403735?
4
What is the tens digit of 345994?
9
What is the ten thousands digit of 273282?
7
What is the units digit of 2064735?
5
What is the thousands digit of 348533?
8
What is the hundreds digit of 65317?
3
What is the ten thousands digit of 30043297?
4
What is the units digit of 248348?
8
What is the hundred thousands digit of 424318?
4
What is the millions digit of 7582269?
7
What is the thousands digit of 191949?
1
What is the millions digit of 1353341?
1
What is the hundred thousands digit of 308878?
3
What is the ten thousands digit of 3241316?
4
What is the hundred thousands digit of 2263874?
2
What is the thousands digit of 6508224?
8
What is the tens digit of 281225?
2
What is the millions digit of 2720547?
2
What is the tens digit of 271954?
5
What is the hundreds digit of 3780253?
2
What is the ten thousands digit of 667540?
6
What is the hundreds digit of 6343330?
3
What is the tens digit of 2312833?
3
What is the thousands digit of 165880?
5
What is the tens digit of 3269200?
0
What is the ten thousands digit of 21536923?
3
What is the thousands digit of 407061?
7
What is the hundreds digit of 1863912?
9
What is the units digit of 498656?
6
What is the units digit of 51186?
6
What is the thousands digit of 1289101?
9
What is the hundreds digit of 40222?
2
What is the hundreds digit of 10246642?
6
What is the hundreds digit of 712367?
3
What is the tens digit of 535842?
4
What is the hundred thousands digit of 1467200?
4
What is the hundreds digit of 5672475?
4
What is the hundred thousands digit of 272579?
2
What is the hundred thousands digit of 427077?
4
What is the ten thousands digit of 11296004?
9
What is the hundreds digit of 32165944?
9
What is the thousands digit of 3968449?
8
What is the units digit of 198863?
3
What is the units digit of 1550108?
8
What is the units digit of 4274532?
2
What is the tens digit of 183341?
4
What is the units digit of 929183?
3
What is the thousands digit of 253596?
3
What is the ten thousands digit of 18437?
1
What is the ten thousands digit of 155678?
5
What is the millions digit of 6326265?
6
What is the hundred thousands digit of 284674?
2
What is the hundreds digit of 6106070?
0
What is the tens digit of 1748442?
4
What is the ten thousands digit of 60687?
6
What is the hundred thousands digit of 288773?
2
What is the hundreds digit of 55969?
9
What is the units digit of 1555651?
1
What is the tens digit of 1569614?
1
What is the ten thousands digit of 2685738?
8
What is the ten thousands digit of 384769?
8
What is the tens digit of 9913035?
3
What is the tens digit of 308209?
0
What is the tens digit of 54116?
1
What is the ten thousands digit of 204840?
0
What is the ten thousands digit of 204249?
0
What is the hundreds digit of 14760?
7
What is the hundreds digit of 595758?
7
What is the hundred thousands digit of 292230?
2
What is the tens digit of 2718446?
4
What is the ten thousands digit of 9249306?
4
What is the hundred thousands digit of 7505820?
5
What is the hundreds digit of 4985112?
1
What is the thousands digit of 11697227?
7
What is the hundred thousands digit of 504893?
5
What is the ten thousands digit of 816020?
1
What is the thousands digit of 47969?
7
What is the tens digit of 201737?
3
What is the tens digit of 34062?
6
What is the hundreds digit of 9337786?
7
What is the hundreds digit of 952810?
8
What is the hundreds digit of 165881?
8
What is the millions digit of 8040238?
8
What is the units digit of 1303053?
3
What is the hundred thousands digit of 195579?
1
What is the hundred thousands digit of 202496?
2
What is the units digit of 181129?
9
What is the tens digit of 141404?
0
What is the thousands digit of 425990?
5
What is the thousands digit of 3484805?
4
What is the tens digit of 2005327?
2
What is the units digit of 1016512?
2
What is the thousands digit of 303180?
3
What is the hundreds digit of 499609?
6
What is the thousands digit of 686225?
6
What is the hundreds digit of 383053?
0
What is the hundreds digit of 14397378?
3
What is the hundred thousands digit of 2368300?
3
What is the ten thousands digit of 1795854?
